{"id":95,"date":"2018-03-23T19:11:37","date_gmt":"2018-03-23T18:11:37","guid":{"rendered":"http:\/\/www.ueckerfalken.de\/uefweb18\/?page_id=95"},"modified":"2018-04-15T09:19:15","modified_gmt":"2018-04-15T08:19:15","slug":"segelflug-2","status":"publish","type":"page","link":"https:\/\/www.ueckerfalken.de\/uefweb18\/segelflug-2\/","title":{"rendered":"Segelflug"},"content":{"rendered":"<h3>Die Segelflieger<\/h3>\n<p>bilden den Kern des Vereins.<br \/>\nMit dem Segelflugbetrieb an fast jedem Wochenende zwischen Mitte\/Ende M\u00e4rz bis Mitte Oktober gibt es sinnvoll-sch\u00f6ne Freizeit, so wie wir es m\u00f6gen.<\/p>\n<h4>Wie fliegt ein Segelflugzeug?<\/h4>\n<p>Segelflugzeuge brauchen zum Fliegen keinen Wind. <img loading=\"lazy\" decoding=\"async\" width=\"300\" height=\"225\" class=\"size-medium wp-image-505 alignright\" style=\"background-color: transparent; color: #3c4858; float: right; font-family: &amp;quot; roboto&amp;quot;,&amp;quot;helvetica&amp;quot;,&amp;quot;arial&amp;quot;,sans-serif; font-size: 18px; font-style: normal; font-variant: normal; font-weight: 300; height: 225px; letter-spacing: normal; max-width: 750px; orphans: 2; outline-color: #72777c; outline-style: solid; outline-width: 1px; text-align: right; text-decoration: none; text-indent: 0px; text-transform: none; -webkit-text-stroke-width: 0px; white-space: normal; word-spacing: 0px; margin: 0px 0px 24px 24px;\" alt=\"\" src=\"http:\/\/www.ueckerfalken.de\/uefweb18\/wp-content\/uploads\/2018\/03\/Pablo-alleinflug-300x225.jpg\">Sie fliegen auch \u2013 und genauso gut \u2013 wenn es windstill ist.<br \/>\nBeim Start wird das Segelflugzeug durch eine Winde oder ein Motorflugzeug auf eine bestimmte H\u00f6he gebracht. Anschlie\u00dfend fliegt es auf einer schwach nach unten geneigten Bahn.<br \/>\nDabei setzt es f\u00fcr seinen Gleitflug st\u00e4ndig etwas von seiner Ausgangsh\u00f6he ein.<\/p>\n<hr>\n<p>Das Segelflugzeug setzt seine gewonnene Flugh\u00f6he also in Flugstrecke um \u2013 solange, bis die H\u00f6he verbraucht ist und das Flugzeug landet.<br \/>\n<img loading=\"lazy\" decoding=\"async\" width=\"300\" height=\"225\" class=\"size-medium wp-image-383 alignleft\" alt=\"\" src=\"http:\/\/www.ueckerfalken.de\/uefweb18\/wp-content\/uploads\/2018\/03\/AM-im-Puch_1_k-300x225.jpg\" srcset=\"https:\/\/www.ueckerfalken.de\/uefweb18\/wp-content\/uploads\/2018\/03\/AM-im-Puch_1_k-300x225.jpg 300w, https:\/\/www.ueckerfalken.de\/uefweb18\/wp-content\/uploads\/2018\/03\/AM-im-Puch_1_k-768x576.jpg 768w, https:\/\/www.ueckerfalken.de\/uefweb18\/wp-content\/uploads\/2018\/03\/AM-im-Puch_1_k.jpg 1024w\" sizes=\"auto, (max-width: 300px) 100vw, 300px\" \/>Durch Fliegen in Aufwinden (z.B. Thermik) kann wieder H\u00f6he gewonnen werden.<br \/>\nModerne Segelflugzeuge erreichen spielend 250 km\/h.<br \/>\nDer H\u00f6henweltrekord liegt bei 14.000 Metern, die weiteste geflogene Strecke bei 2050 km.<\/p>\n<p>Die langen Wochenenden zu Ostern, Herrentag, Pfingsten, sowie unsere j\u00e4hrlichen Sommerlager sind feste Vereinstermine auf die sich jeder freut.<\/p>\n<hr>\n<p>Aber unser gemeinsames Fr\u00fchst\u00fcck im morgendlichen Sonnenschein auf unserer Terrasse und&nbsp; <img loading=\"lazy\" decoding=\"async\" width=\"167\" height=\"114\" class=\"size-medium wp-image-692 alignleft\" alt=\"\" src=\"http:\/\/www.ueckerfalken.de\/uefweb18\/wp-content\/uploads\/2018\/03\/a_Terassenfruhstuck.jpg\">geselliges Beisammensein am Ende des Tages, ja auch dass geh\u00f6rt zum Vereinsleben.<br \/>\nAuf den Unterseiten wollen wir Euch unsere vereinseigenen Flugzeuge und Winden vorstellen, da ist Interessantes und Wissenswertes dabei.<img loading=\"lazy\" decoding=\"async\" width=\"174\" height=\"131\" class=\"size-full wp-image-691 alignright\" style=\"background-color: transparent; color: #3c4858; font-family: &amp;quot; roboto&amp;quot;,&amp;quot;helvetica&amp;quot;,&amp;quot;arial&amp;quot;,sans-serif; font-size: 18px; font-style: normal; font-variant: normal; font-weight: 300; height: 131px; letter-spacing: normal; margin-bottom: 12px; max-width: 750px; orphans: 2; outline-color: #72777c; outline-style: solid; outline-width: 1px; text-align: left; text-decoration: none; text-indent: 0px; text-transform: none; -webkit-text-stroke-width: 0px; white-space: normal; word-spacing: 0px;\" alt=\"\" src=\"http:\/\/www.ueckerfalken.de\/uefweb18\/wp-content\/uploads\/2018\/03\/a_PICT0070.jpg\"><br \/>\nIn den Wintermonaten warten wir unsere Flug- und Bodentechnik und machen das eine oder andere an Erhaltungs- und Instandsetzungsarbeiten an unserem Objekt und in den Hallen.<\/p>\n<p>Eure Segelflieger<\/p>\n<p>&nbsp;<\/p>\n<p style=\"text-align: center;\"><a href=\"#top\">nach oben<\/a><\/p>\n","protected":false},"excerpt":{"rendered":"<p>Die Segelflieger bilden den Kern des Vereins. Mit dem Segelflugbetrieb an fast jedem Wochenende zwischen Mitte\/Ende M\u00e4rz bis Mitte Oktober gibt es sinnvoll-sch\u00f6ne Freizeit, so wie wir es m\u00f6gen. Wie fliegt ein Segelflugzeug? Segelflugzeuge brauchen zum Fliegen keinen Wind. Sie fliegen auch \u2013 und genauso gut \u2013 wenn es windstill [&hellip;]<\/p>\n","protected":false},"author":1,"featured_media":0,"parent":0,"menu_order":0,"comment_status":"closed","ping_status":"closed","template":"","meta":{"ngg_post_thumbnail":0,"footnotes":""},"class_list":["post-95","page","type-page","status-publish","hentry"],"_links":{"self":[{"href":"https:\/\/www.ueckerfalken.de\/uefweb18\/wp-json\/wp\/v2\/pages\/95","targetHints":{"allow":["GET"]}}],"collection":[{"href":"https:\/\/www.ueckerfalken.de\/uefweb18\/wp-json\/wp\/v2\/pages"}],"about":[{"href":"https:\/\/www.ueckerfalken.de\/uefweb18\/wp-json\/wp\/v2\/types\/page"}],"author":[{"embeddable":true,"href":"https:\/\/www.ueckerfalken.de\/uefweb18\/wp-json\/wp\/v2\/users\/1"}],"replies":[{"embeddable":true,"href":"https:\/\/www.ueckerfalken.de\/uefweb18\/wp-json\/wp\/v2\/comments?post=95"}],"version-history":[{"count":7,"href":"https:\/\/www.ueckerfalken.de\/uefweb18\/wp-json\/wp\/v2\/pages\/95\/revisions"}],"predecessor-version":[{"id":859,"href":"https:\/\/www.ueckerfalken.de\/uefweb18\/wp-json\/wp\/v2\/pages\/95\/revisions\/859"}],"wp:attachment":[{"href":"https:\/\/www.ueckerfalken.de\/uefweb18\/wp-json\/wp\/v2\/media?parent=95"}],"curies":[{"name":"wp","href":"https:\/\/api.w.org\/{rel}","templated":true}]}}