{"id":83,"date":"2018-03-23T19:06:23","date_gmt":"2018-03-23T18:06:23","guid":{"rendered":"http:\/\/www.ueckerfalken.de\/uefweb18\/?page_id=83"},"modified":"2018-04-15T11:16:15","modified_gmt":"2018-04-15T10:16:15","slug":"ul-ausbildung-der","status":"publish","type":"page","link":"https:\/\/www.ueckerfalken.de\/uefweb18\/ul-ausbildung-der\/","title":{"rendered":"Ultraleicht (UL)-Flugausbildung in der 472,5 Kilo-Klasse"},"content":{"rendered":"<h3>Ausbildung zum UL-Flugzeugf\u00fchrer (472,5 kg-Klasse)<\/h3>\n<p>&nbsp;<\/p>\n<p><b><span style=\"color: #4c4c4c; font-size: medium;\" size=\"3\" color=\"#4c4c4c\">Die Ausbildung gliedert sich in einen theoretischen und einen praktischen Teil.<br \/>\n<\/span><\/b><span style=\"display: inline !important; float: none; background-color: transparent; color: #4c4c4c; font-family: 'Open Sans',sans-serif; font-size: 14px; font-style: normal; font-variant: normal; font-weight: 400; letter-spacing: normal; orphans: 2; text-align: left; text-decoration: none; text-indent: 0px; text-transform: none; -webkit-text-stroke-width: 0px; white-space: normal; word-spacing: 0px;\"> <\/span><b>Theoretische Pilotenausbildung:<\/b><span style=\"display: inline !important; float: none; background-color: transparent; color: #4c4c4c; font-family: 'Open Sans',sans-serif; font-size: 14px; font-style: normal; font-variant: normal; font-weight: 400; letter-spacing: normal; orphans: 2; text-align: left; text-decoration: none; text-indent: 0px; text-transform: none; -webkit-text-stroke-width: 0px; white-space: normal; word-spacing: 0px;\"> <\/span><\/p>\n<p>Sie werden in der Regel innerhalb von 60 theoretischen Unterrichtsstunden in den folgenden F\u00e4chern ausgebildet:<img loading=\"lazy\" decoding=\"async\" width=\"300\" height=\"199\" class=\"size-medium wp-image-534 alignright\" style=\"background-color: transparent; color: #3c4858; float: right; font-family: &amp;quot; open sans&amp;quot;,sans-serif; font-size: 18px; font-style: normal; font-variant: normal; font-weight: 300; height: 199px; letter-spacing: normal; max-width: 750px; orphans: 2; outline-color: #72777c; outline-style: solid; outline-width: 1px; text-align: right; text-decoration: none; text-indent: 0px; text-transform: none; -webkit-text-stroke-width: 0px; white-space: normal; word-spacing: 0px; margin: 0px 0px 24px 24px;\" alt=\"\" src=\"http:\/\/www.ueckerfalken.de\/uefweb18\/wp-content\/uploads\/2018\/03\/DSC_0151Udo-300x199.jpg\" srcset=\"https:\/\/www.ueckerfalken.de\/uefweb18\/wp-content\/uploads\/2018\/03\/DSC_0151Udo-300x199.jpg 300w, https:\/\/www.ueckerfalken.de\/uefweb18\/wp-content\/uploads\/2018\/03\/DSC_0151Udo-768x510.jpg 768w, https:\/\/www.ueckerfalken.de\/uefweb18\/wp-content\/uploads\/2018\/03\/DSC_0151Udo-360x240.jpg 360w, https:\/\/www.ueckerfalken.de\/uefweb18\/wp-content\/uploads\/2018\/03\/DSC_0151Udo.jpg 1000w\" sizes=\"auto, (max-width: 300px) 100vw, 300px\" \/><\/p>\n<ul id=\"contentlist\">\n<li>Luftrecht<\/li>\n<li>Flugfunk<\/li>\n<li>Navigation<\/li>\n<li>Meteorologie<\/li>\n<li>Technik<\/li>\n<li>Pyrotechnik<\/li>\n<li>Verhalten in besonderen F\u00e4llen<\/li>\n<li>Menschliches Leistungsverm\u00f6gen<\/li>\n<\/ul>\n<p>Abschlie\u00dfend zur theoretischen Ausbildung findet eine Theoriepr\u00fcfung statt. In dieser Pr\u00fcfung werden Ihnen zu jedem Fach durchschnittlich 40 Fragen gestellt. Zur L\u00f6sung stehen Ihnen pro Frage 4 Antwortm\u00f6glichkeiten zur Verf\u00fcgung, welche im Multiple-Choice Verfahren beantwortet werden m\u00fcssen. Bei mindestens 85% richtigen L\u00f6sungen gilt ein Pr\u00fcfungsfach als bestanden. Alle F\u00e4cher m\u00fcssen bestanden werden.<\/p>\n<p>Die Pr\u00fcfung zur pyrotechnischen Einweisung wird in der Regel durch die Flugschule durchgef\u00fchrt. Auch diese Pr\u00fcfung muss im Multiple-Choice Verfahren gel\u00f6st werden.<\/p>\n<p>Bis zum ersten Alleinflug (Solo) in der praktischen Ausbildung muss zum einen die fliegerische Tauglichkeit nachgewiesen und die theoretische Pr\u00fcfung erfolgreich abgelegt worden sein.<\/p>\n<p><span style=\"display: inline !important; float: none; background-color: transparent; color: #4c4c4c; font-family: 'Open Sans',sans-serif; font-size: 14px; font-style: normal; font-variant: normal; font-weight: 400; letter-spacing: normal; orphans: 2; text-align: left; text-decoration: none; text-indent: 0px; text-transform: none; -webkit-text-stroke-width: 0px; white-space: normal; word-spacing: 0px;\"> <\/span><b>Praktische Pilotenausbildung:<\/b><span style=\"display: inline !important; float: none; background-color: transparent; color: #4c4c4c; font-family: 'Open Sans',sans-serif; font-size: 14px; font-style: normal; font-variant: normal; font-weight: 400; letter-spacing: normal; orphans: 2; text-align: left; text-decoration: none; text-indent: 0px; text-transform: none; -webkit-text-stroke-width: 0px; white-space: normal; word-spacing: 0px;\"> <\/span><\/p>\n<ul id=\"contentlist\">\n<li>30 h Flugzeit auf aerodynamisch gesteuerten Ultraleicht Flugzeugen<\/li>\n<li>davon mindestens 5 h Alleinflugzeit<\/li>\n<li>Starts und Landungen auf verschiedenen Flugpl\u00e4tzen<\/li>\n<li>Au\u00dfenlande\u00fcbungen mit Fluglehrer<\/li>\n<li>Mindestens zwei \u00dcberlandfl\u00fcge (&gt; 200 km mit Zwischenlandung)<\/li>\n<li>theoretische und praktische Einweisung in besondere Flugzust\u00e4nde<\/li>\n<li>Verhalten bei Notf\u00e4llen<\/li>\n<\/ul>\n<p><img loading=\"lazy\" decoding=\"async\" width=\"300\" height=\"225\" class=\"size-medium wp-image-528 alignleft\" style=\"background-color: transparent; color: #3c4858; float: left; font-family: &amp;quot; roboto&amp;quot;,&amp;quot;helvetica&amp;quot;,&amp;quot;arial&amp;quot;,sans-serif; font-size: 18px; font-style: normal; font-variant: normal; font-weight: 300; height: 225px; letter-spacing: normal; max-width: 750px; orphans: 2; text-align: left; text-decoration: none; text-indent: 0px; text-transform: none; -webkit-text-stroke-width: 0px; white-space: normal; word-spacing: 0px; margin: 0px 38.4px 38.4px 0px;\" alt=\"\" src=\"http:\/\/www.ueckerfalken.de\/uefweb18\/wp-content\/uploads\/2018\/03\/100_0459-300x225.jpg\" srcset=\"https:\/\/www.ueckerfalken.de\/uefweb18\/wp-content\/uploads\/2018\/03\/100_0459-300x225.jpg 300w, https:\/\/www.ueckerfalken.de\/uefweb18\/wp-content\/uploads\/2018\/03\/100_0459-768x576.jpg 768w, https:\/\/www.ueckerfalken.de\/uefweb18\/wp-content\/uploads\/2018\/03\/100_0459-1024x768.jpg 1024w\" sizes=\"auto, (max-width: 300px) 100vw, 300px\" \/>In der Praxisschulung werden Sie mit dem Flugzeug vertraut gemacht und lernen die selbst\u00e4ndige Durchf\u00fchrung von Start und Landung. Der erste Teil der Ausbildung m\u00fcndet nach etwa 10 Flugstunden im ersten Alleinflug. In der weiteren praktischen Ausbildung werden die fliegerischen F\u00e4higkeiten vertieft und mit der praktischen Pr\u00fcfung abgeschlossen.<\/p>\n<p>Nach erfolgreicher praktischen Pr\u00fcfung k\u00f6nnen Sie die Lizenz beim Deutschen Ultraleichtflug Verband (DULV) beantragen und sind berechtigt aerodynamisch gestuerte Ultraleicht Flugzeuge bis 472,5kg zu fliegen.<\/p>\n<hr>\n<p><b><span style=\"color: #4c4c4c; font-size: medium;\" size=\"3\" color=\"#4c4c4c\">Ultraleicht Pilotenausbildung ohne Vorkenntnisse:<\/span><\/b><span style=\"display: inline !important; float: none; background-color: transparent; color: #4c4c4c; font-family: 'Open Sans',sans-serif; font-size: 14px; font-style: normal; font-variant: normal; font-weight: 400; letter-spacing: normal; orphans: 2; text-align: left; text-decoration: none; text-indent: 0px; text-transform: none; -webkit-text-stroke-width: 0px; white-space: normal; word-spacing: 0px;\"> <\/span><\/p>\n<p>Auch beim Fliegen kommt man um gewisse formale Voraussetzungen und ein wenig B\u00fcrokratie nicht rum. Folgende Dinge m\u00fcssen f\u00fcr eine Ausbildung erf\u00fcllt sein:<\/p>\n<ul id=\"contentlist\">\n<li>Mindestalter: min. 16 Jahre zu Ausbildungsbeginn, min. 17 Jahre zur Lizenz-Erteilung<\/li>\n<li>g\u00fcltiges flieger\u00e4rztliches Tauglichkeitszeugnis der Klasse II nach JAR-FCL 3<\/li>\n<li>Teilnahme an einem Kurs \u00fcber Sofortma\u00dfnahmen am Unfallort (oder F\u00fchrerscheinkopie, wenn nach 1965 ausgestellt)<\/li>\n<li>Erkl\u00e4rung \u00fcber schwebende Strafverfahren<\/li>\n<li>Polizeiliches F\u00fchrungszeugnis (Belegart N) gem\u00e4\u00df \u00a7 30 Bundeszentralregistergesetz<\/li>\n<li>Kopie des Personalausweises oder Passes<\/li>\n<\/ul>\n<hr>\n<p><b><span style=\"color: #4c4c4c; font-size: medium;\" size=\"3\" color=\"#4c4c4c\">Passagierberechtigung<\/span><\/b><span style=\"display: inline !important; float: none; background-color: transparent; color: #4c4c4c; font-family: 'Open Sans',sans-serif; font-size: 14px; font-style: normal; font-variant: normal; font-weight: 400; letter-spacing: normal; orphans: 2; text-align: left; text-decoration: none; text-indent: 0px; text-transform: none; -webkit-text-stroke-width: 0px; white-space: normal; word-spacing: 0px;\"> <\/span><\/p>\n<p>Zur Mitnahme von Passagieren ist eine weitere Berechtigung notwendig, die sogenannte Passagierberechtigung. Die Passagierberechtigung kann erst nach Ausstellung der Lizenz erworben werden. Dazu m\u00fcssen Sie f\u00fcnf \u00dcberlandfl\u00fcge, davon mindestens zwei \u00dcberlandfl\u00fcge mit Zwischenlandung \u00fcber eine Gesamtstrecke von mindestens 200 Kilometer in Begleitung eines Fluglehrers nachweisen.<br \/>\nDer Bewerber f\u00fcr eine Passagierberechtigung hat in einer praktischen Pr\u00fcfung nachzuweisen, dass er nach seinem Wissen und praktischen K\u00f6nnen die Anforderungen f\u00fcr Fl\u00fcge mit Passagieren erf\u00fcllt. Als Pr\u00fcfungsflug kann der zweite \u00dcberlandflug \u00fcber 200km mit Zwischenlandung und Fluglehrer gewertet werden.<\/p>\n<hr>\n<p><strong>Verfahren:<\/strong><\/p>\n<p>Ausbildungsmeldung (sp\u00e4testens 8 Tage nach Ausbildungsbeginn)<br \/>\nAntrag auf Erteilung des Luftfahrerscheins<br \/>\nG\u00fcltiges flieger\u00e4rztliches Tauglichkeitszeugnis LAPL<br \/>\nKopie des Personalausweises oder Passes<br \/>\nAusbildungsnachweisheft (bzw. die vom Ausbildungsleiter beglaubigten<br \/>\nKopien der Seiten 3 bis 9)<br \/>\nPraxis-Pr\u00fcfprotokoll<br \/>\nggf. Nachweis \u00fcber vorhandenes Sprechfunkzeugnis<\/p>\n<p>&nbsp;<\/p>\n<p>Interessantes auch auf&nbsp;<a href=\"https:\/\/www.ulforum.de\/pilotenausbildung\" target=\"_blank\" rel=\"noopener\">https:\/\/www.ulforum.de\/pilotenausbildung<\/a><\/p>\n<p>&nbsp;<\/p>\n<p style=\"text-align: center;\"><a href=\"#top\">nach oben<\/a><\/p>\n","protected":false},"excerpt":{"rendered":"<p>Ausbildung zum UL-Flugzeugf\u00fchrer (472,5 kg-Klasse) &nbsp; Die Ausbildung gliedert sich in einen theoretischen und einen praktischen Teil. Theoretische Pilotenausbildung: Sie werden in der Regel innerhalb von 60 theoretischen Unterrichtsstunden in den folgenden F\u00e4chern ausgebildet: Luftrecht Flugfunk Navigation Meteorologie Technik Pyrotechnik Verhalten in besonderen F\u00e4llen Menschliches Leistungsverm\u00f6gen Abschlie\u00dfend zur theoretischen Ausbildung [&hellip;]<\/p>\n","protected":false},"author":1,"featured_media":0,"parent":0,"menu_order":0,"comment_status":"closed","ping_status":"closed","template":"","meta":{"ngg_post_thumbnail":0,"footnotes":""},"class_list":["post-83","page","type-page","status-publish","hentry"],"_links":{"self":[{"href":"https:\/\/www.ueckerfalken.de\/uefweb18\/wp-json\/wp\/v2\/pages\/83","targetHints":{"allow":["GET"]}}],"collection":[{"href":"https:\/\/www.ueckerfalken.de\/uefweb18\/wp-json\/wp\/v2\/pages"}],"about":[{"href":"https:\/\/www.ueckerfalken.de\/uefweb18\/wp-json\/wp\/v2\/types\/page"}],"author":[{"embeddable":true,"href":"https:\/\/www.ueckerfalken.de\/uefweb18\/wp-json\/wp\/v2\/users\/1"}],"replies":[{"embeddable":true,"href":"https:\/\/www.ueckerfalken.de\/uefweb18\/wp-json\/wp\/v2\/comments?post=83"}],"version-history":[{"count":15,"href":"https:\/\/www.ueckerfalken.de\/uefweb18\/wp-json\/wp\/v2\/pages\/83\/revisions"}],"predecessor-version":[{"id":870,"href":"https:\/\/www.ueckerfalken.de\/uefweb18\/wp-json\/wp\/v2\/pages\/83\/revisions\/870"}],"wp:attachment":[{"href":"https:\/\/www.ueckerfalken.de\/uefweb18\/wp-json\/wp\/v2\/media?parent=83"}],"curies":[{"name":"wp","href":"https:\/\/api.w.org\/{rel}","templated":true}]}}