{"id":6,"date":"2018-02-24T09:07:02","date_gmt":"2018-02-24T09:07:02","guid":{"rendered":"http:\/\/www.ueckerfalken.de\/uefweb18\/?page_id=6"},"modified":"2018-03-30T08:13:51","modified_gmt":"2018-03-30T07:13:51","slug":"ausbildung","status":"publish","type":"page","link":"https:\/\/www.ueckerfalken.de\/uefweb18\/ausbildung\/","title":{"rendered":"Ausbildung"},"content":{"rendered":"<h4>Im Verein kann man das Fliegen<br \/>\nmit verschiedenen Luftfahrzeugen erlernen.<\/h4>\n<p>So ist der Verein als Mitglied im Ausbildungsbetrieb<br \/>\ndes Luftsportverbandes Mecklenburg-Vorpommern berechtigt,<br \/>\nLuftfahrzeugf\u00fchrer f\u00fcr Segelflugzeuge und UL`s auszubilden.<\/p>\n<p><img loading=\"lazy\" decoding=\"async\" width=\"300\" height=\"199\" class=\"size-medium wp-image-601 alignleft\" alt=\"\" src=\"http:\/\/www.ueckerfalken.de\/uefweb18\/wp-content\/uploads\/2018\/03\/DSC_0002-300x199.jpg\" srcset=\"https:\/\/www.ueckerfalken.de\/uefweb18\/wp-content\/uploads\/2018\/03\/DSC_0002-300x199.jpg 300w, https:\/\/www.ueckerfalken.de\/uefweb18\/wp-content\/uploads\/2018\/03\/DSC_0002-768x510.jpg 768w, https:\/\/www.ueckerfalken.de\/uefweb18\/wp-content\/uploads\/2018\/03\/DSC_0002-1024x680.jpg 1024w, https:\/\/www.ueckerfalken.de\/uefweb18\/wp-content\/uploads\/2018\/03\/DSC_0002-360x240.jpg 360w\" sizes=\"auto, (max-width: 300px) 100vw, 300px\" \/><\/p>\n<p>Unsere Fluglehrer haben daf\u00fcr die unterschiedlichsten Lehrberechtigungen, welche als zus\u00e4tzliche Erlaubnisse Teil ihrer eigenen Lizenzen sind.<\/p>\n<p>&nbsp;<\/p>\n<p>&nbsp;<\/p>\n<p>&nbsp;<\/p>\n<hr>\n<p>Schaut Euch also auf den Unterseiten an, wie die Ausbildung erfolgt:<\/p>\n<ol>\n<li><a href=\"http:\/\/www.ueckerfalken.de\/uefweb18\/segelflug-ausbildung\/\">Segelflugausbildung<\/a><\/li>\n<li><a href=\"http:\/\/www.ueckerfalken.de\/uefweb18\/ul-ausbildung-der\/\">Ausbildung zur UL-Lizenz f\u00fcr UL`s der 472,5 Kilo-Klasse<\/a><\/li>\n<li><a href=\"http:\/\/www.ueckerfalken.de\/uefweb18\/ul-ausbildung-fuer-uls-der-120-kilo-klasse\/\">Ausbildung zur&nbsp; UL-Lizenz f\u00fcr UL`s der 120 Kilo-Klasse<\/a><\/li>\n<\/ol>\n<p>Der Verein<\/p>\n","protected":false},"excerpt":{"rendered":"<p>Im Verein kann man das Fliegen mit verschiedenen Luftfahrzeugen erlernen. So ist der Verein als Mitglied im Ausbildungsbetrieb des Luftsportverbandes Mecklenburg-Vorpommern berechtigt, Luftfahrzeugf\u00fchrer f\u00fcr Segelflugzeuge und UL`s auszubilden. Unsere Fluglehrer haben daf\u00fcr die unterschiedlichsten Lehrberechtigungen, welche als zus\u00e4tzliche Erlaubnisse Teil ihrer eigenen Lizenzen sind. &nbsp; &nbsp; &nbsp; Schaut Euch also [&hellip;]<\/p>\n","protected":false},"author":1,"featured_media":0,"parent":0,"menu_order":0,"comment_status":"closed","ping_status":"closed","template":"","meta":{"ngg_post_thumbnail":0,"footnotes":""},"class_list":["post-6","page","type-page","status-publish","hentry"],"_links":{"self":[{"href":"https:\/\/www.ueckerfalken.de\/uefweb18\/wp-json\/wp\/v2\/pages\/6","targetHints":{"allow":["GET"]}}],"collection":[{"href":"https:\/\/www.ueckerfalken.de\/uefweb18\/wp-json\/wp\/v2\/pages"}],"about":[{"href":"https:\/\/www.ueckerfalken.de\/uefweb18\/wp-json\/wp\/v2\/types\/page"}],"author":[{"embeddable":true,"href":"https:\/\/www.ueckerfalken.de\/uefweb18\/wp-json\/wp\/v2\/users\/1"}],"replies":[{"embeddable":true,"href":"https:\/\/www.ueckerfalken.de\/uefweb18\/wp-json\/wp\/v2\/comments?post=6"}],"version-history":[{"count":10,"href":"https:\/\/www.ueckerfalken.de\/uefweb18\/wp-json\/wp\/v2\/pages\/6\/revisions"}],"predecessor-version":[{"id":717,"href":"https:\/\/www.ueckerfalken.de\/uefweb18\/wp-json\/wp\/v2\/pages\/6\/revisions\/717"}],"wp:attachment":[{"href":"https:\/\/www.ueckerfalken.de\/uefweb18\/wp-json\/wp\/v2\/media?parent=6"}],"curies":[{"name":"wp","href":"https:\/\/api.w.org\/{rel}","templated":true}]}}