{"id":4,"date":"2025-05-17T09:47:00","date_gmt":"2025-05-17T07:47:00","guid":{"rendered":"http:\/\/www.ueckerfalken.de\/uefweb18\/?page_id=4"},"modified":"2025-05-17T15:09:53","modified_gmt":"2025-05-17T13:09:53","slug":"der-verein","status":"publish","type":"page","link":"https:\/\/www.ueckerfalken.de\/uefweb18\/der-verein\/","title":{"rendered":"Der Verein"},"content":{"rendered":"<p><strong>Herzlich Willkommen!<\/strong><\/p>\n<p>Unser Verein steht allen Interessierten, die Mitglied oder F\u00f6rdermitglied des Vereins werden wollen offen.<\/p>\n<p>Man kann bei uns den Luftsport in den Flugsportarten:<img loading=\"lazy\" decoding=\"async\" width=\"300\" height=\"173\" class=\"size-medium wp-image-655 alignright\" alt=\"\" src=\"http:\/\/www.ueckerfalken.de\/uefweb18\/wp-content\/uploads\/2018\/03\/Ausr\u00e4umen_9-300x173.jpg\" srcset=\"https:\/\/www.ueckerfalken.de\/uefweb18\/wp-content\/uploads\/2018\/03\/Ausr\u00e4umen_9-300x173.jpg 300w, https:\/\/www.ueckerfalken.de\/uefweb18\/wp-content\/uploads\/2018\/03\/Ausr\u00e4umen_9-768x443.jpg 768w, https:\/\/www.ueckerfalken.de\/uefweb18\/wp-content\/uploads\/2018\/03\/Ausr\u00e4umen_9-1024x591.jpg 1024w, https:\/\/www.ueckerfalken.de\/uefweb18\/wp-content\/uploads\/2018\/03\/Ausr\u00e4umen_9.jpg 1279w\" sizes=\"auto, (max-width: 300px) 100vw, 300px\" \/><br>\u2013 Segelflug<br>\u2013 Ultraleicht (UL)-Flug<br>\u2013 Flugmodellsport<br>\u2013 Motorflug<br>\u2013 Drachenflug<br>\u2013 Fallschirmsprung<br>\u2013 Ballonfahren<br>grunds\u00e4tzlich aus\u00fcben, wobei derzeit f\u00fcr die 3 letztgenannten Flugsportarten keine Sektionen bestehen. Wir w\u00fcrden uns aber \u00fcber eine Bereicherung sehr freuen.<\/p>\n<p>Die Aus- und Weiterbildung der Mitglieder zum Erlangen bzw. Erhaltung staatlicher Luftfahrterlaubnisse und Berechtigungen durchzuf\u00fchren, ist eines unserer wichtigsten Ziele. Unsere Jugendarbeit hat dabei einen besonderen Stellenwert, denn wir wollen junge Menschen an die Sch\u00f6nheiten des Flugsports heranf\u00fchren, ihnen zeigen, wie interessant, abwechslungsreich und sinnvoll Freizeit beim \/ mit Flugsport sein kann.<\/p>\n<p>Das Flugsport nicht teuer sein&nbsp;muss ist ein Fakt, <img loading=\"lazy\" decoding=\"async\" width=\"300\" height=\"225\" class=\"size-medium wp-image-658 alignright\" alt=\"\" src=\"http:\/\/www.ueckerfalken.de\/uefweb18\/wp-content\/uploads\/2018\/03\/Gesamtbild_1-300x225.jpg\" srcset=\"https:\/\/www.ueckerfalken.de\/uefweb18\/wp-content\/uploads\/2018\/03\/Gesamtbild_1-300x225.jpg 300w, https:\/\/www.ueckerfalken.de\/uefweb18\/wp-content\/uploads\/2018\/03\/Gesamtbild_1.jpg 768w\" sizes=\"auto, (max-width: 300px) 100vw, 300px\" \/>denn durch viele ehrenamtliche Arbeitsstunden der Mitglieder senken wir unsere Kosten.<\/p>\n<p>Wir beteiligen uns rege an Wettbewerben auf regionaler-, landes- und internationaler Ebene und organisieren und f\u00fchren eigenst\u00e4ndig regionale- und andere Wettbewerbe und Meisterschaften durch.<\/p>\n<p>Dabei haben wir bisher einige Referenzen vorzuweisen. So sind wir zweimaliger Ausrichter der deutschen Meisterschaften im Segelkunstflug gewesen (1998 und 2002), haben die Europameisterschaft im Segelkunstflug 2002 ausgerichtet und sind oft bereits Ausrichter der Landesmeisterschaften im Segelstreckenflug gewesen.<br>Auch den Cup Pomerania richten wir j\u00e4hrlich aus.<br>(N\u00e4heres dazu auf unserer Unter-Seite Veranstaltungen)<\/p>\n<p>Freundschaftliche, sportliche Beziehungen zu anderen Luftsportvereinen auf nationaler und <img loading=\"lazy\" decoding=\"async\" width=\"300\" height=\"225\" class=\"size-medium wp-image-657 alignleft\" style=\"background-color: transparent; color: #3c4858; float: left; font-family: &amp;quot; roboto&amp;quot;,&amp;quot;helvetica&amp;quot;,&amp;quot;arial&amp;quot;,sans-serif; font-size: 18px; font-style: normal; font-variant: normal; font-weight: 300; height: 225px; letter-spacing: normal; max-width: 750px; orphans: 2; text-align: left; text-decoration: none; text-indent: 0px; text-transform: none; -webkit-text-stroke-width: 0px; white-space: normal; word-spacing: 0px; margin: 0px 38.4px 38.4px 0px;\" alt=\"\" src=\"http:\/\/www.ueckerfalken.de\/uefweb18\/wp-content\/uploads\/2018\/03\/Schlepp-Pilot-Sigi-nimmts-sportlich-Stirnband-300x225.jpg\" srcset=\"https:\/\/www.ueckerfalken.de\/uefweb18\/wp-content\/uploads\/2018\/03\/Schlepp-Pilot-Sigi-nimmts-sportlich-Stirnband-300x225.jpg 300w, https:\/\/www.ueckerfalken.de\/uefweb18\/wp-content\/uploads\/2018\/03\/Schlepp-Pilot-Sigi-nimmts-sportlich-Stirnband-768x576.jpg 768w, https:\/\/www.ueckerfalken.de\/uefweb18\/wp-content\/uploads\/2018\/03\/Schlepp-Pilot-Sigi-nimmts-sportlich-Stirnband-1024x768.jpg 1024w, https:\/\/www.ueckerfalken.de\/uefweb18\/wp-content\/uploads\/2018\/03\/Schlepp-Pilot-Sigi-nimmts-sportlich-Stirnband.jpg 1280w\" sizes=\"auto, (max-width: 300px) 100vw, 300px\" \/><span style=\"font-size: revert; color: initial;\">internationaler Ebene zu entwickeln und zu pflegen, ist uns ein Bed\u00fcrfnis. So nutzen wird unseren Platz bereits seit Jahren zusammen mit unseren polnischen Sportfreunden vom Stettiner Verein &#8222;<\/span><span style=\"font-size: revert; color: initial;\"><a href=\"https:\/\/szybowcowyszczecin.pl\/\">Szybowcowy Szczecin<\/a>&#8220; &#8211; was zu einer gegenseitigen Bereicherung gef\u00fchrt hat. Weitere enge Beziehungen bestehen zu <\/span><span style=\"font-size: revert; color: initial;\">den Vereinen in Mecklenburg-Vorpommern und auch der <a href=\"https:\/\/ithwiesen.de\/startseite.html\">Luftsportvereinigung Ithwiesen<\/a>, welcher bereits traditionell in einer Herbstwoche besucht wird, um dort sch\u00f6ne Fl\u00fcge am Hang zu genie\u00dfen.<\/span><\/p>\n<p>Mit der Durchf\u00fchrung eines interessanten, kulturellen und sportlichen Vereinslebens wird das Gemeinschaftsgef\u00fchl der Mitglieder und ihrer Familien gest\u00e4rkt, sowie die humanistischen Traditionen des deutschen Flugsports gepflegt.<\/p>\n<p>Der Luftsportverein ist politisch und konfessionell unabh\u00e4ngig. Dar\u00fcber hinaus werden M\u00f6glichkeiten zur Durchf\u00fchrung von Mitfl\u00fcgen f\u00fcr breite Bev\u00f6lkerungskreise entsprechend den gesetzlichen Gegebenheiten realisiert.<img loading=\"lazy\" decoding=\"async\" width=\"300\" height=\"180\" class=\"size-medium wp-image-656 alignright\" style=\"background-color: transparent; color: #3c4858; float: right; font-family: &amp;quot; roboto&amp;quot;,&amp;quot;helvetica&amp;quot;,&amp;quot;arial&amp;quot;,sans-serif; font-size: 18px; font-style: normal; font-variant: normal; font-weight: 300; height: 180px; letter-spacing: normal; max-width: 750px; orphans: 2; outline-color: #72777c; outline-style: solid; outline-width: 1px; text-align: right; text-decoration: none; text-indent: 0px; text-transform: none; -webkit-text-stroke-width: 0px; white-space: normal; word-spacing: 0px; margin: 0px 0px 24px 24px;\" alt=\"\" src=\"http:\/\/www.ueckerfalken.de\/uefweb18\/wp-content\/uploads\/2018\/03\/Feierabend-jetzt-noch-ein-sch\u00f6nes-Fliegerchen-Moni-und-Thomas-S-300x180.jpg\" srcset=\"https:\/\/www.ueckerfalken.de\/uefweb18\/wp-content\/uploads\/2018\/03\/Feierabend-jetzt-noch-ein-sch\u00f6nes-Fliegerchen-Moni-und-Thomas-S-300x180.jpg 300w, https:\/\/www.ueckerfalken.de\/uefweb18\/wp-content\/uploads\/2018\/03\/Feierabend-jetzt-noch-ein-sch\u00f6nes-Fliegerchen-Moni-und-Thomas-S.jpg 592w\" sizes=\"auto, (max-width: 300px) 100vw, 300px\" \/><br>Sie sind herzlich eingeladen \u2013 kommen Sie doch einfach bei uns vorbei.<br>Wo und wie Sie uns finden, ist auf unserer Seite Kontakt beschrieben.<\/p>\n<p>Bis bald!<br>Der Verein<\/p>\n<hr>\n<h4>grundlegende Dokumente des Vereins:<\/h4>\n<p><a href=\"http:\/\/www.ueckerfalken.de\/uefweb18\/wp-content\/uploads\/2018\/03\/Satzung_2009.pdf\" target=\"_blank\" rel=\"noopener\">Vereinssatzung_2009<\/a><span style=\"display: inline !important; float: none; background-color: transparent; color: #3c4858; direction: ltr; font-family: 'Roboto','Helvetica','Arial',sans-serif; font-size: 18px; font-style: normal; font-variant: normal; font-weight: 300; letter-spacing: normal; line-height: 29.12px; orphans: 2; text-align: left; text-decoration: none; text-indent: 0px; text-transform: none; -webkit-text-stroke-width: 0px; white-space: normal; word-spacing: 0px; word-wrap: break-word;\"> <\/span><b><\/b><i><\/i><u><\/u><sub><\/sub><sup><\/sup><span style=\"text-decoration: line-through;\"><\/span><\/p>\n<p><a href=\"http:\/\/www.ueckerfalken.de\/uefweb18\/wp-content\/uploads\/2025\/05\/Clubordnung_04092021.pdf\" target=\"_blank\" rel=\"noopener\">Clubordnung_09-2021<\/a>&nbsp;<a href=\"http:\/\/www.ueckerfalken.de\/uefweb18\/wp-content\/uploads\/2018\/03\/Gebuehrenordnung_ab_2018.pdf\"><\/a><\/p>\n<p><a href=\"http:\/\/www.ueckerfalken.de\/uefweb18\/wp-content\/uploads\/2025\/05\/Entgeltordnung-temp-LSC-PW-2503-0107-3.pdf\" target=\"_blank\" rel=\"noopener\">Entgeltordnung_09-2021<\/a><a href=\"http:\/\/www.ueckerfalken.de\/uefweb18\/wp-content\/uploads\/2018\/03\/Hallenordnung.pdf\"><\/a><\/p>\n<p><a href=\"http:\/\/www.ueckerfalken.de\/uefweb18\/wp-content\/uploads\/2018\/03\/Hallenordnung.pdf\" target=\"_blank\" rel=\"noopener\">Hallenordnung<\/a> <a href=\"http:\/\/www.ueckerfalken.de\/uefweb18\/wp-content\/uploads\/2018\/03\/Jugendordnung_2009.pdf\"><\/a><\/p>\n<p><a href=\"http:\/\/www.ueckerfalken.de\/uefweb18\/wp-content\/uploads\/2018\/03\/Jugendordnung_2009.pdf\" target=\"_blank\" rel=\"noopener\">Jugendordnung_2009<\/a> <a href=\"http:\/\/www.ueckerfalken.de\/uefweb18\/wp-content\/uploads\/2018\/03\/Satzung_2009.pdf\"><\/a><\/p>\n<p><a href=\"http:\/\/www.ueckerfalken.de\/uefweb18\/wp-content\/uploads\/2018\/03\/Wahlordnung.pdf\" target=\"_blank\" rel=\"noopener\">Wahlordnung<\/a><\/p>\n<p style=\"text-align: center;\"><\/p>\n\n\n<hr class=\"wp-block-separator has-alpha-channel-opacity\"\/>\n\n\n\n<details class=\"wp-block-details is-layout-flow wp-block-details-is-layout-flow\"><summary>Ausz\u00fcge aus der Datenschutzerkl\u00e4rung<br>des Pasewalker Luftsportclubs \u201eDie Ueckerfalken\u201c e.V. &#8211; Bitte Klicken!<\/summary>\n<p>&#8230;<br>Der Schutz personenbezogenen Daten bei der Erhebung, Verarbeitung und Nutzung ist uns<br>ein wichtiges Anliegen. Im Folgenden m\u00f6chten wir dar\u00fcber informieren, wie bei uns<br>personenbezogene Daten erfragt, gespeichert und verarbeitet werden. Das Beziehen und die<br>Verarbeitung der Daten erfolgt entsprechend der Europ\u00e4ischen Datenschutzgrundverordnung<br>Art. 6.<br>&#8230;<br>2. Vereinsmitglieder<br>Von Vereinsmitgliedern erhebt der Vorstand personengebundene Daten, die im<br>Aufnahmeantrag handschriftlich erfasst werden. Weiterhin werden Daten, die die fliegerische<br>T\u00e4tigkeit betreffen erhoben. Dabei handelt es sich um Dokumente, die das<br>Ausbildungshandbuch unserer ATO (Air Training Organisation) vorschreibt, Lizenzen,<br>Erlaubnisse, Pr\u00fcfungsunterlagen, Aufzeichnungen \u00fcber Flugleistungen,<br>Bankverbindungsdaten und Tauglichkeitszeugnisse. Alle Daten werden ausschlie\u00dflich zur<br>internen Mitgliederverwaltung und Geb\u00fchrenabrechnung benutzt.<br>&#8230;<br>Zur Verwaltung und Information nutzt der Verein die Internetplattform www.vereinsflieger.de der Breitenbach und Otero GbR. Durch den Vorstand werden hier die personengebundenen Daten, die im Aufnahmeantrag erhoben wurden, eingestellt.<br>&#8230;<br>Die Speicherung von personenbezogenen Daten von minderj\u00e4hrigen Vereinsmitgliedern<br>bedarf des schriftlichen Einverst\u00e4ndnisses beider Elternteile.<br>Bei Beendigung der Mitgliedschaft kann jedes Vereinsmitglied die L\u00f6schung bzw. die<br>Herausgabe oder Vernichtung seiner personenbezogenen Daten und Dokumente einfordern.<br>\u00dcber die L\u00f6schung bzw. Vernichtung wird das ehemalige Vereinsmitglied informiert.<br>Personenbezogene Daten der Vereinsmitglieder werden nur zur Lizenzbearbeitung und<br>Ausbildungsanmeldung an die Landesluftfahrtbeh\u00f6rde Mecklenburg-Vorpommern, zur<br>Anmeldung bei Wettbewerben an den Ausrichter und im Falle eines Unfalls an die<br>Flugunfalluntersuchungsstelle, die Polizei und den Haftpflichtversicherer des Vereins<br>\u00fcbermittelt.<\/p>\n\n\n\n<p>Kommunikation im Verein<br>Die vereinsinterne Kommunikation erfolgt \u00fcber E-Mail, SMS oder Telefon. Kontaktdaten<br>werden im Aufnahmeantrag erhoben.<br>&#8230;<br>Die Nutzung sozialer Medien wie z.B. WhatsApp, Facebook u.a. sind rein private<br>Angelegenheit und wird vom Vorstand nicht initiiert.<\/p>\n\n\n\n<p><\/p>\n\n\n\n<p><\/p>\n\n\n\n<p><\/p>\n<\/details>\n\n\n\n<hr class=\"wp-block-separator has-alpha-channel-opacity\"\/>\n\n\n\n<p class=\"has-text-align-center\"><a href=\"#top\">nach oben<\/a><\/p>\n\n\n\n<p><\/p>\n","protected":false},"excerpt":{"rendered":"<p>Herzlich Willkommen! Unser Verein steht allen Interessierten, die Mitglied oder F\u00f6rdermitglied des Vereins werden wollen offen. Man kann bei uns den Luftsport in den Flugsportarten:\u2013 Segelflug\u2013 Ultraleicht (UL)-Flug\u2013 Flugmodellsport\u2013 Motorflug\u2013 Drachenflug\u2013 Fallschirmsprung\u2013 Ballonfahrengrunds\u00e4tzlich aus\u00fcben, wobei derzeit f\u00fcr die 3 letztgenannten Flugsportarten keine Sektionen bestehen. Wir w\u00fcrden uns aber \u00fcber eine [&hellip;]<\/p>\n","protected":false},"author":1,"featured_media":0,"parent":0,"menu_order":0,"comment_status":"closed","ping_status":"closed","template":"","meta":{"ngg_post_thumbnail":0,"footnotes":""},"class_list":["post-4","page","type-page","status-publish","hentry"],"_links":{"self":[{"href":"https:\/\/www.ueckerfalken.de\/uefweb18\/wp-json\/wp\/v2\/pages\/4","targetHints":{"allow":["GET"]}}],"collection":[{"href":"https:\/\/www.ueckerfalken.de\/uefweb18\/wp-json\/wp\/v2\/pages"}],"about":[{"href":"https:\/\/www.ueckerfalken.de\/uefweb18\/wp-json\/wp\/v2\/types\/page"}],"author":[{"embeddable":true,"href":"https:\/\/www.ueckerfalken.de\/uefweb18\/wp-json\/wp\/v2\/users\/1"}],"replies":[{"embeddable":true,"href":"https:\/\/www.ueckerfalken.de\/uefweb18\/wp-json\/wp\/v2\/comments?post=4"}],"version-history":[{"count":20,"href":"https:\/\/www.ueckerfalken.de\/uefweb18\/wp-json\/wp\/v2\/pages\/4\/revisions"}],"predecessor-version":[{"id":1988,"href":"https:\/\/www.ueckerfalken.de\/uefweb18\/wp-json\/wp\/v2\/pages\/4\/revisions\/1988"}],"wp:attachment":[{"href":"https:\/\/www.ueckerfalken.de\/uefweb18\/wp-json\/wp\/v2\/media?parent=4"}],"curies":[{"name":"wp","href":"https:\/\/api.w.org\/{rel}","templated":true}]}}