{"id":28,"date":"2022-04-02T09:20:00","date_gmt":"2022-04-02T07:20:00","guid":{"rendered":"http:\/\/www.ueckerfalken.de\/uefweb18\/?page_id=28"},"modified":"2022-04-02T12:26:49","modified_gmt":"2022-04-02T10:26:49","slug":"links","status":"publish","type":"page","link":"https:\/\/www.ueckerfalken.de\/uefweb18\/links\/","title":{"rendered":"Links"},"content":{"rendered":"<p>Deutscher Aeroclub e. V.<br><a href=\"http:\/\/www.daec.de\/\" target=\"_blank\" rel=\"noopener\">www.daec.de<\/a><\/p>\n<hr>\n<p>Luftsportjugend im Deutschen Aeroclub<br><a href=\"http:\/\/www.luftsportjugend.com\" target=\"_blank\" rel=\"noopener\">www.luftsportjugend.com<\/a><\/p>\n<hr>\n<p>Luftsport in Mecklenburg-Vorpommern:<br><a href=\"http:\/\/www.luftsportverband-mv.de\" target=\"_blank\" rel=\"noopener\">www.luftsportverband-mv.de<\/a><\/p>\n<hr>\n<p>Luftfahrtbeh\u00f6rde in Mecklenburg-Vorpommern:<br><a href=\"http:\/\/www.regierung-mv.de\/Landesregierung\/em\/Infrastruktur\/Luftverkehr\/Luftfahrtbeh\u00f6rde\/\" target=\"_blank\" rel=\"noopener\">Landesluftfahrtbeh\u00f6rde MV<\/a><\/p>\n<hr>\n<p>Flugsportvereine in Mecklenburg-Vorpommern:<\/p>\n<p><a href=\"http:\/\/www.aeroclub-guestrow.de\" target=\"_blank\" rel=\"noopener\">Aero Club von G\u00fcstrow e.V. \u201eHans Grade\u201c<\/a><br><a href=\"http:\/\/www.fcrostock.de\/\" target=\"_blank\" rel=\"noopener\">Fliegerclub Rostock e.V.<\/a><br><a href=\"http:\/\/www.fliegerclub-pinnow.de\/\" target=\"_blank\" rel=\"noopener\">Fliegerclub Schwerin\/Pinnow e.V.<\/a><br><a href=\"http:\/\/www.flugplatz-stralsund.de\/\" target=\"_blank\" rel=\"noopener\">Flugsportklub \u201eVolkswerft\u201c Stralsund e.V.<\/a><br><a href=\"http:\/\/www.fsc-nb.de\/\" target=\"_blank\" rel=\"noopener\">Flugsportclub Neubrandenburg<\/a><br>Luftsportgemeinschaft Rechlin \/ L\u00e4rz e. V.<br><a href=\"http:\/\/www.fliegerklub-otto-lilienthal-anklam.de\/\" target=\"_blank\" rel=\"noopener\">Fliegerclub &#8222;Otto Lilienthal&#8220; Anklam e.V.<\/a><br><a href=\"http:\/\/www.sfc-greifswald.de\/\" target=\"_blank\" rel=\"noopener\">SFC Sportfliegerclub Greifswald e. V.<\/a><br><a href=\"http:\/\/www.segelfliegerclub.de\/\" target=\"_blank\" rel=\"noopener\">SFC Segelfliegerclub Neustadt Glewe e. V.<\/a><br><a href=\"http:\/\/www.edan-info.de\/\" target=\"_blank\" rel=\"noopener\">LSV Luftsportverein Neustadt-Glewe e. V.<\/a><br><a href=\"https:\/\/waren-lsv.de\/\" target=\"_blank\" rel=\"noopener\">Warener Luftsportverein e.V.<\/a><br><a href=\"http:\/\/www.usedomerfliegerclub.de\/\" target=\"_blank\" rel=\"noopener\">UFC Usedomer Fliegerclub e. V. Mellentin<\/a><br><a href=\"http:\/\/www.ulclub-rostock.de\/\" target=\"_blank\" rel=\"noopener\">Ultraleicht \u2013 Fliegerclub Rostock e.V.<\/a><\/p>\n<hr>\n<p>Modellflug im Deutschen Aeroclub:<br><a href=\"http:\/\/www.modellflug-im-daec.de\/\" target=\"_blank\" rel=\"noopener\">www.modellflug-im-daec.de<\/a><\/p>\n<hr>\n<p>Fallschirmsport in Mecklenburg-Vorpommern:<br><a href=\"https:\/\/skydive-mv.de\/\" target=\"_blank\" rel=\"noopener\">Fallschirmsportclub Mecklenburg e. V.<\/a><\/p>\n<hr>\n<p>weitere Flugh\u00e4fen\/-pl\u00e4tze in Mecklenburg-Vorpommern:<br><a href=\"http:\/\/www.flughafen-neubrandenburg.de\/\" target=\"_blank\" rel=\"noopener\">Flughafen Neubrandenburg-Trollenhagen GmbH<\/a><br><a href=\"http:\/\/www.flugplatz-anklam.de\/\" target=\"_blank\" rel=\"noopener\">Flugplatz Anklam GmbH<\/a><br><a href=\"http:\/\/www.flugplatz-wismar.de\/\" target=\"_blank\" rel=\"noopener\">Flugplatz Wismar<\/a><br><a href=\"http:\/\/www.flugplatz-ruegen.de\/\" target=\"_blank\" rel=\"noopener\">Flugplatz R\u00fcgen (G\u00fcttin)<\/a><br><a href=\"http:\/\/www.flughafen-heringsdorf.de\/\" target=\"_blank\" rel=\"noopener\">Flughafen Heringsdorf auf Insel Usedom<\/a><br><a href=\"http:\/\/www.edcp.de\/\" target=\"_blank\" rel=\"noopener\">Flugplatz Peenem\u00fcnde auf Insel Usedom<\/a><br><a href=\"https:\/\/www.flugplatz-tutow.de\/\" target=\"_blank\" rel=\"noopener\">Flugplatz Tutow Betriebs-GmbH<\/a><br><a href=\"http:\/\/mueritz-airpark.de\/\" target=\"_blank\" rel=\"noopener\">Verkehrslandeplatz M\u00fcritz Airpark<\/a>&nbsp; (<span style=\"display: inline !important; float: none; background-color: transparent; color: #3c4858; direction: ltr; font-family: 'Roboto','Helvetica','Arial',sans-serif; font-size: 18px; font-style: normal; font-variant: normal; font-weight: 300; letter-spacing: normal; line-height: 29.12px; orphans: 2; text-align: left; text-decoration: none; text-indent: 0px; text-transform: none; -webkit-text-stroke-width: 0px; white-space: normal; word-spacing: 0px; word-wrap: break-word;\">Rechlin-L\u00e4rz)<\/span><b><\/b><i><\/i><u><\/u><sub><\/sub><sup><\/sup><span style=\"text-decoration: line-through;\"><\/span><\/p>\n<hr>\n<p>Weitere Links:<br><a href=\"http:\/\/www.segelflug.de\/\" target=\"_blank\" rel=\"noopener\">Segelflug-Server (Segelflug.de)<\/a><br><a href=\"https:\/\/www.bfu-web.de\/DE\/Home\/homepage_node.html\" target=\"_blank\" rel=\"noopener\"><span>Bundesstelle f\u00fcr Flugunfalluntersuchung BFU<br><\/span><\/a><span><\/span><a href=\"https:\/\/www.onlinecontest.org\/olc-3.0\/segelflugszene\/index.html\" target=\"_blank\" rel=\"noopener\"><span>OLC &#8211; Online Contest &#8211; dezentraler Online-Streckenflugwettbewerb<br><\/span><\/a>&nbsp;<a href=\"http:\/\/www.dfs.de\/dfs_homepage\/de\/\" target=\"_blank\" rel=\"noopener\">DFS Deutsche Flugsicherung<\/a><\/p>\n<p><\/p>\n<hr>\n<p><\/p>\n\n\n<p><a rel=\"noreferrer noopener\" href=\"http:\/\/www.smile.amazon.de\" target=\"_blank\">smile.amazon.de<\/a> &#8211; Wenn Sie bei\u00a0<strong>smile.amazon.de<\/strong>\u00a0einkaufen, unterst\u00fctzt Amazon mit 0,5% Ihrer Einkaufssumme eine gemeinn\u00fctzige Organisation Ihrer Wahl,\u00a0<strong>ohne jegliche Extrakosten f\u00fcr Sie<\/strong>. W\u00e4hlen Sie einfach uns, den LSC &#8222;Die Ueckerfalken&#8220; e. V. aus<\/p>\n\n\n\n<p><a href=\"http:\/\/www.freepik.com\">freepik<\/a> &#8211; Millionen kostenlose Grafikressourcen. \u2713 Vektoren \u2713 Stockfotos \u2713 PSD \u2713 Icons \u2713 Alles, was Sie f\u00fcr Ihre Kreativprojekte ben\u00f6tigen<\/p>\n","protected":false},"excerpt":{"rendered":"<p>Deutscher Aeroclub e. V.www.daec.de Luftsportjugend im Deutschen Aeroclubwww.luftsportjugend.com Luftsport in Mecklenburg-Vorpommern:www.luftsportverband-mv.de Luftfahrtbeh\u00f6rde in Mecklenburg-Vorpommern:Landesluftfahrtbeh\u00f6rde MV Flugsportvereine in Mecklenburg-Vorpommern: Aero Club von G\u00fcstrow e.V. \u201eHans Grade\u201cFliegerclub Rostock e.V.Fliegerclub Schwerin\/Pinnow e.V.Flugsportklub \u201eVolkswerft\u201c Stralsund e.V.Flugsportclub NeubrandenburgLuftsportgemeinschaft Rechlin \/ L\u00e4rz e. V.Fliegerclub &#8222;Otto Lilienthal&#8220; Anklam e.V.SFC Sportfliegerclub Greifswald e. V.SFC Segelfliegerclub Neustadt Glewe e. [&hellip;]<\/p>\n","protected":false},"author":1,"featured_media":0,"parent":0,"menu_order":0,"comment_status":"closed","ping_status":"closed","template":"","meta":{"ngg_post_thumbnail":0,"footnotes":""},"class_list":["post-28","page","type-page","status-publish","hentry"],"_links":{"self":[{"href":"https:\/\/www.ueckerfalken.de\/uefweb18\/wp-json\/wp\/v2\/pages\/28","targetHints":{"allow":["GET"]}}],"collection":[{"href":"https:\/\/www.ueckerfalken.de\/uefweb18\/wp-json\/wp\/v2\/pages"}],"about":[{"href":"https:\/\/www.ueckerfalken.de\/uefweb18\/wp-json\/wp\/v2\/types\/page"}],"author":[{"embeddable":true,"href":"https:\/\/www.ueckerfalken.de\/uefweb18\/wp-json\/wp\/v2\/users\/1"}],"replies":[{"embeddable":true,"href":"https:\/\/www.ueckerfalken.de\/uefweb18\/wp-json\/wp\/v2\/comments?post=28"}],"version-history":[{"count":19,"href":"https:\/\/www.ueckerfalken.de\/uefweb18\/wp-json\/wp\/v2\/pages\/28\/revisions"}],"predecessor-version":[{"id":1607,"href":"https:\/\/www.ueckerfalken.de\/uefweb18\/wp-json\/wp\/v2\/pages\/28\/revisions\/1607"}],"wp:attachment":[{"href":"https:\/\/www.ueckerfalken.de\/uefweb18\/wp-json\/wp\/v2\/media?parent=28"}],"curies":[{"name":"wp","href":"https:\/\/api.w.org\/{rel}","templated":true}]}}