{"id":1691,"date":"2022-12-30T19:47:07","date_gmt":"2022-12-30T17:47:07","guid":{"rendered":"http:\/\/www.ueckerfalken.de\/uefweb18\/?page_id=1691"},"modified":"2024-02-04T21:53:04","modified_gmt":"2024-02-04T19:53:04","slug":"cup-pomerania-2022","status":"publish","type":"page","link":"https:\/\/www.ueckerfalken.de\/uefweb18\/veranstaltungen\/cup-pomerania-2022\/","title":{"rendered":"Cup Pomerania 2022"},"content":{"rendered":"\n<figure class=\"wp-block-image size-large is-resized\"><img loading=\"lazy\" decoding=\"async\" src=\"http:\/\/www.ueckerfalken.de\/uefweb18\/wp-content\/uploads\/2022\/02\/Logo-Cup-Pomerania-web-1024x628.jpg\" alt=\"\" class=\"wp-image-1493\" width=\"512\" height=\"314\" srcset=\"https:\/\/www.ueckerfalken.de\/uefweb18\/wp-content\/uploads\/2022\/02\/Logo-Cup-Pomerania-web-1024x628.jpg 1024w, https:\/\/www.ueckerfalken.de\/uefweb18\/wp-content\/uploads\/2022\/02\/Logo-Cup-Pomerania-web-300x184.jpg 300w, https:\/\/www.ueckerfalken.de\/uefweb18\/wp-content\/uploads\/2022\/02\/Logo-Cup-Pomerania-web-768x471.jpg 768w, https:\/\/www.ueckerfalken.de\/uefweb18\/wp-content\/uploads\/2022\/02\/Logo-Cup-Pomerania-web-1536x942.jpg 1536w, https:\/\/www.ueckerfalken.de\/uefweb18\/wp-content\/uploads\/2022\/02\/Logo-Cup-Pomerania-web.jpg 1920w\" sizes=\"auto, (max-width: 512px) 100vw, 512px\" \/><\/figure>\n\n\n\n<p>In den Jahren 2020 und 2021 leider abgesagt, fand er 2022 statt.<\/p>\n\n\n\n<hr class=\"wp-block-separator has-alpha-channel-opacity\"\/>\n\n\n\n<p><strong>Cup Pomerania 2022<\/strong>&nbsp;<strong>\u2013 war ein Vergleichsfliegen der Segelflugvereine der Euroregion Pomerania<\/strong><\/p>\n\n\n\n<p>Das Vergleichsfliegen im Streckensegelflug unter Beteiligung deutscher und polnischer Segelflieger hatte den Zweck des gegenseitigen Kennenlernens und Erfahrungsaustausch, sowie der Vertiefung bereits bestehender Zusammenarbeit der Vereine. Der Wettbewerb wurde in einer sportlich fairen und anspruchsvollen Atmosph\u00e4re ausgetragen und diente zudem der F\u00f6rderung junger Leistungssegelflieger.<br>geflogen wurde in einer Klasse mit Index-Wertung vom<strong>&nbsp;<\/strong>Flugplatz Pasewalk-Franzfelde aus.<br><strong>Trainingsm\u00f6glichkeiten gab es vom:<\/strong>&nbsp;30.05. \u2013 02.06.2022<br><strong>Flugtage waren der:<\/strong>&nbsp;03. \u2013 06.06.2022<\/p>\n\n\n\n<hr class=\"wp-block-separator has-alpha-channel-opacity\"\/>\n\n\n\n<figure class=\"wp-block-image size-large\"><img loading=\"lazy\" decoding=\"async\" width=\"1024\" height=\"153\" src=\"http:\/\/www.ueckerfalken.de\/uefweb18\/wp-content\/uploads\/2022\/12\/Bild-Sonderwebseite-Cup-Pomerania-2022-1024x153.jpg\" alt=\"\" class=\"wp-image-1705\" srcset=\"https:\/\/www.ueckerfalken.de\/uefweb18\/wp-content\/uploads\/2022\/12\/Bild-Sonderwebseite-Cup-Pomerania-2022-1024x153.jpg 1024w, https:\/\/www.ueckerfalken.de\/uefweb18\/wp-content\/uploads\/2022\/12\/Bild-Sonderwebseite-Cup-Pomerania-2022-300x45.jpg 300w, https:\/\/www.ueckerfalken.de\/uefweb18\/wp-content\/uploads\/2022\/12\/Bild-Sonderwebseite-Cup-Pomerania-2022-768x115.jpg 768w, https:\/\/www.ueckerfalken.de\/uefweb18\/wp-content\/uploads\/2022\/12\/Bild-Sonderwebseite-Cup-Pomerania-2022-1536x229.jpg 1536w, https:\/\/www.ueckerfalken.de\/uefweb18\/wp-content\/uploads\/2022\/12\/Bild-Sonderwebseite-Cup-Pomerania-2022.jpg 2022w\" sizes=\"auto, (max-width: 1024px) 100vw, 1024px\" \/><figcaption class=\"wp-element-caption\">Sonder-Web-Seite zum Cup Pomerania 2022 (nur tempor\u00e4r w\u00e4hrend des Wettbewerbs)<\/figcaption><\/figure>\n\n\n\n<hr class=\"wp-block-separator has-alpha-channel-opacity\"\/>\n\n\n\n<h4 class=\"wp-block-heading\">Hallo Flugsport-Begeisterte da drau\u00dfen\u2026<\/h4>\n\n\n\n<p><strong>POSTED:<\/strong> MAI 24, 2022 DIENSTAG AT 10:10 AM<\/p>\n\n\n\n<p>Hier werdet Ihr in den n\u00e4chsten Tagen die (fast) Just-in-Time-Berichterstattung vom Cup Pomerania lesen k\u00f6nnen.<\/p>\n\n\n\n<p>Bis dahin bereiten wir uns als Ausrichter f\u00fcr Euch vor!<br>Eure Ueckerfalken<\/p>\n\n\n\n<figure class=\"wp-block-image\"><img decoding=\"async\" src=\"https:\/\/ueckerfalken.de\/LMMV\/wp-content\/uploads\/2022\/05\/anigif_Flagge_POL.gif\" alt=\"\" class=\"wp-image-141\"\/><\/figure>\n\n\n\n<figure class=\"wp-block-image\"><img decoding=\"async\" src=\"https:\/\/ueckerfalken.de\/LMMV\/wp-content\/uploads\/2022\/05\/anigif_Flagge_GER.gif\" alt=\"\" class=\"wp-image-140\"\/><\/figure>\n\n\n\n<hr class=\"wp-block-separator has-alpha-channel-opacity\"\/>\n\n\n\n<h4 class=\"wp-block-heading\">Alles bereit \u2013 die Teilnehmer werden erwartet<\/h4>\n\n\n\n<p><strong>POSTED:<\/strong> MAI 27, 2022 FREITAG AT 6:02 PM<\/p>\n\n\n\n<p>Am 29. Mai ist Anreisetag f\u00fcr die Teilnehmer und wir hoffen alle kommen gut von Ihren Heimatflugpl\u00e4tzen bei uns, auf dem Flugplatz Pasewalk an.<\/p>\n\n\n\n<p>Die Tage vor dem offiziellen Beginn des Wettbewerbs (30.05. \u2013 02.06.22) haben wir als Trainingstage f\u00fcr die Teilnehmer vorgesehen. So k\u00f6nnen sie sich mit dem Flug- (Wettbewerbs-) gebiet, den Vor-Ort-Bedingungen etc. vertraut machen. Nat\u00fcrlich werden dabei schon erste Erfahrungen untereinander ausgetauscht und man schaut sich die Flugzeuge der anderen Teilnehmer gern auch mal an.<\/p>\n\n\n\n<hr class=\"wp-block-separator has-alpha-channel-opacity\"\/>\n\n\n\n<h4 class=\"wp-block-heading\">1. Wettbewerbstag<\/h4>\n\n\n\n<p><strong>POSTED:<\/strong> JUNI 4, 2022 SAMSTAG AT 8:49 AM<\/p>\n\n\n\n<p>Heute am 03.06.2022 ging es nun endlich los. Der erste Wettbewerbstag ist gekommen. Das Wetter spielte mit. Um 11:45 hie\u00df es erster Start!<\/p>\n\n\n\n<p>Die R\u00fcckmeldung vom Wetterflieger war erfreulich \u2013 es steigt!<\/p>\n\n\n\n<p>Nun haben die anderen auch rangeschoben. Alle sind gut geflogen und nicht au\u00dfengelandet, au\u00dfer ein Flugzeug. Alle waren abends gl\u00fccklich und konnten gute Fl\u00fcge absolvieren. Hoffen wir, dass es morgen genauso kommt.<\/p>\n\n\n\n<hr class=\"wp-block-separator has-alpha-channel-opacity\"\/>\n\n\n\n<h4 class=\"wp-block-heading\">2. Wettbewerbstag<\/h4>\n\n\n\n<p><strong>POSTED:<\/strong> JUNI 6, 2022 MONTAG AT 10:20 PM<\/p>\n\n\n\n<p>Hallo,<br>nachdem der erste Wertungstag ein voller Erfolg war, versprach der Wetterbericht auch f\u00fcr den Samstag kein schlechtes Bild.<\/p>\n\n\n\n<p>Wie immer war um 9:30 Uhr Briefing. 12 Uhr Startbereitschaft!<\/p>\n\n\n\n<p>Nach den ohnehin schon versp\u00e4teten Anfang, startete um 13 Uhr der Wetterflieger. Mit ern\u00fcchterten Resultat. \u201eEs geht nur runter\u201c, war die Aussage. Nach der R\u00fcckmeldung wurde also der 2. WT gecancelt. Schade.<\/p>\n\n\n\n<hr class=\"wp-block-separator has-alpha-channel-opacity\"\/>\n\n\n\n<p><strong>3. Wettbewerbstag<\/strong><\/p>\n\n\n\n<p><strong>POSTED:<\/strong> JUNI 6, 2022 MONTAG AT 10:20 PM<\/p>\n\n\n\n<p>Heute sah das Wetter \u00e4hnlich, wie am 2. WT aus. Keine einzige Wolke am Himmel war angesagt. Dazu noch recht warm. Da waren Au\u00dfenlandungen vorprogrammiert. 12 Uhr ging der erste Segelflieger in die Luft. Aussage war 900 m Basis und 1-2 steigen. Ok gut, besser als gestern. Nun starteten dann alle und hielten sich auch oben. Es kam eine Wertung zustande!<\/p>\n\n\n\n<p>Gab es aber nun Au\u00dfenlandungen, wie vermutet? Ja! 3 Au\u00dfenlandungen. Alles ist aber gut gegangen.<\/p>\n\n\n\n<hr class=\"wp-block-separator has-alpha-channel-opacity\"\/>\n\n\n\n<p><strong>4. Wertungstag und Siegerehrung<\/strong><\/p>\n\n\n\n<p><strong>POSTED:<\/strong> JUNI 6, 2022 MONTAG AT 10:20 PM<\/p>\n\n\n\n<p>Am 4. Wertungstag sah das Wetter nicht gut aus. Es hat schon morgens geregnet. Also war es schon abzusehen, dass die Siegerehrung zum Briefing stattfinden w\u00fcrde.<\/p>\n\n\n\n<p>Wie ist nun das Endresultat der ersten 3 Pl\u00e4tze?<\/p>\n\n\n\n<ol class=\"wp-block-list\">\n<li>Platz: Robert Finke<\/li>\n\n\n\n<li>Platz: Bartosz Orchel<\/li>\n\n\n\n<li>Platz: Lutz V\u00f6lker<\/li>\n<\/ol>\n\n\n\n<p>Herzlichen Gl\u00fcckwunsch!<br>Gut geflogen.<br>Viel Spa\u00df mit den Preisen.<\/p>\n\n\n\n<p>Nun ist der Cup Pomerania 2022 vorbei, aber n\u00e4chstes Jahr geht es in die n\u00e4chste Runde!<\/p>\n\n\n\n<hr class=\"wp-block-separator has-alpha-channel-opacity\"\/>\n\n\n\n<figure class=\"wp-block-image size-full\"><a href=\"http:\/\/www.ueckerfalken.de\/uefweb18\/wp-content\/uploads\/2022\/12\/Ergebnisliste-Cup-Pomerania-2022.pdf\" target=\"_blank\" rel=\"http:\/\/www.ueckerfalken.de\/uefweb18\/wp-content\/uploads\/2022\/12\/Ergebnisliste-Cup-Pomerania-2022.pdf noopener\"><img loading=\"lazy\" decoding=\"async\" width=\"100\" height=\"98\" src=\"http:\/\/www.ueckerfalken.de\/uefweb18\/wp-content\/uploads\/2018\/02\/Symbol-pdf-Download-e1522360160352.jpg\" alt=\"\" class=\"wp-image-580\"\/><\/a><figcaption class=\"wp-element-caption\">Ergebnisliste des Cup Pomerania 2022<\/figcaption><\/figure>\n\n\n\n<hr class=\"wp-block-separator has-alpha-channel-opacity\"\/>\n\n\n\n<p><strong>Euroregion Pomerania:<\/strong><\/p>\n\n\n\n<p>Die Euroregion POMERANIA erstreckt sich \u00fcber die deutsch-polnische L\u00e4ndergrenze. Sie umfasst derzeit das Gebiet der Wojewodschaft Westpommern im Nordwesten Polens sowie Landkreise und St\u00e4dte Nordostdeutschlands, mit einer Fl\u00e4che von ca.&nbsp; 35.500 km\u00b2 und etwa 2,7 Mio. Einwohnern. Mit der Schaffung der Euroregion Pomerania wurde ein wichtiger Beitrag zur V\u00f6lkerverst\u00e4ndigung geleistet.<br>Am 15. Dezember 1995 kam es zum Vertragsschluss zwischen den Kommunalverb\u00e4nden.<\/p>\n\n\n\n<figure class=\"wp-block-image size-full\"><img loading=\"lazy\" decoding=\"async\" width=\"600\" height=\"488\" src=\"http:\/\/www.ueckerfalken.de\/uefweb18\/wp-content\/uploads\/2020\/02\/Euroregion_Pomerania_2014-ff.jpg\" alt=\"\" class=\"wp-image-1231\" srcset=\"https:\/\/www.ueckerfalken.de\/uefweb18\/wp-content\/uploads\/2020\/02\/Euroregion_Pomerania_2014-ff.jpg 600w, https:\/\/www.ueckerfalken.de\/uefweb18\/wp-content\/uploads\/2020\/02\/Euroregion_Pomerania_2014-ff-300x244.jpg 300w\" sizes=\"auto, (max-width: 600px) 100vw, 600px\" \/><figcaption class=\"wp-element-caption\">Euroregion Pomerania<\/figcaption><\/figure>\n\n\n\n<p>Die vorrangigen Ziele der Zusammenarbeit in der Euroregion Pomerania liegen in folgenden Bereichen:<br>\u2022Bildung, Aus- und Weiterbildung (wozu z. B. auch die Segelflugausbildung z\u00e4hlt),<br>\u2022Wissenschaft, Forschung und Wirtschaft,<br>\u2022grenz\u00fcberschreitender Arbeitsmarkt,<br>\u2022Tourismus mit dem Schwerpunkt Wassertourismus,<br>\u2022stetige grenz\u00fcberschreitende Informations- und Kenntnisvermittlung.<\/p>\n\n\n\n<p>(vgl. KEP 2013: ff.).<\/p>\n","protected":false},"excerpt":{"rendered":"<p>In den Jahren 2020 und 2021 leider abgesagt, fand er 2022 statt. Cup Pomerania 2022&nbsp;\u2013 war ein Vergleichsfliegen der Segelflugvereine der Euroregion Pomerania Das Vergleichsfliegen im Streckensegelflug unter Beteiligung deutscher und polnischer Segelflieger hatte den Zweck des gegenseitigen Kennenlernens und Erfahrungsaustausch, sowie der Vertiefung bereits bestehender Zusammenarbeit der Vereine. Der [&hellip;]<\/p>\n","protected":false},"author":1,"featured_media":0,"parent":8,"menu_order":3,"comment_status":"closed","ping_status":"closed","template":"","meta":{"ngg_post_thumbnail":0,"footnotes":""},"class_list":["post-1691","page","type-page","status-publish","hentry"],"_links":{"self":[{"href":"https:\/\/www.ueckerfalken.de\/uefweb18\/wp-json\/wp\/v2\/pages\/1691","targetHints":{"allow":["GET"]}}],"collection":[{"href":"https:\/\/www.ueckerfalken.de\/uefweb18\/wp-json\/wp\/v2\/pages"}],"about":[{"href":"https:\/\/www.ueckerfalken.de\/uefweb18\/wp-json\/wp\/v2\/types\/page"}],"author":[{"embeddable":true,"href":"https:\/\/www.ueckerfalken.de\/uefweb18\/wp-json\/wp\/v2\/users\/1"}],"replies":[{"embeddable":true,"href":"https:\/\/www.ueckerfalken.de\/uefweb18\/wp-json\/wp\/v2\/comments?post=1691"}],"version-history":[{"count":15,"href":"https:\/\/www.ueckerfalken.de\/uefweb18\/wp-json\/wp\/v2\/pages\/1691\/revisions"}],"predecessor-version":[{"id":1712,"href":"https:\/\/www.ueckerfalken.de\/uefweb18\/wp-json\/wp\/v2\/pages\/1691\/revisions\/1712"}],"up":[{"embeddable":true,"href":"https:\/\/www.ueckerfalken.de\/uefweb18\/wp-json\/wp\/v2\/pages\/8"}],"wp:attachment":[{"href":"https:\/\/www.ueckerfalken.de\/uefweb18\/wp-json\/wp\/v2\/media?parent=1691"}],"curies":[{"name":"wp","href":"https:\/\/api.w.org\/{rel}","templated":true}]}}