{"id":101,"date":"2018-03-23T19:13:59","date_gmt":"2018-03-23T18:13:59","guid":{"rendered":"http:\/\/www.ueckerfalken.de\/uefweb18\/?page_id=101"},"modified":"2020-01-29T16:31:18","modified_gmt":"2020-01-29T15:31:18","slug":"modellflug","status":"publish","type":"page","link":"https:\/\/www.ueckerfalken.de\/uefweb18\/modellflug\/","title":{"rendered":"Modellflug"},"content":{"rendered":"<h3 style=\"text-align: center;\" data-wp-editing=\"1\">Wir Modellflieger<\/h3>\n<p style=\"text-align: center;\">im Luftsportclub Pasewalk verstehen uns<br \/>\nals Teil einer gro\u00dfen Fliegergemeinschaft in Pasewalk.<br \/>\nUns alle verbindet die Leidenschaft f\u00fcr das Fliegen im Gro\u00dfen wie auch im Kleinen.<\/p>\n<p><img loading=\"lazy\" decoding=\"async\" width=\"300\" height=\"225\" class=\"alignnone wp-image-756 size-full aligncenter\" alt=\"\" src=\"http:\/\/www.ueckerfalken.de\/uefweb18\/wp-content\/uploads\/2018\/03\/P1000756-300x225.jpg\"><\/p>\n<p style=\"text-align: center;\">(Modellfliegerveranstaltung)<br \/>\nDen Modellflug in Pasewalk gibt es schon sehr lange. Viele Mitglieder haben nach ihrer aktiven Zeit im Motor- oder Segelflug ein neues Bet\u00e4tigungsfeld im Modellflugbereich begonnen. Ihr umfassendes Wissen um die Fliegerei ist f\u00fcr alle j\u00fcngeren Flugmodellsportler und Interessierte eine unendliche Fundgrube. Nat\u00fcrlich k\u00f6nnen Flugbegeisterte auch \u00fcber den Modellflug ins gro\u00dfe \u201eFliegerleben\u201c finden.<img loading=\"lazy\" decoding=\"async\" width=\"150\" height=\"150\" class=\"size-medium wp-image-760 alignleft\" style=\"background-color: transparent; color: #3c4858; font-family: &amp;quot; roboto&amp;quot;,&amp;quot;helvetica&amp;quot;,&amp;quot;arial&amp;quot;,sans-serif; font-size: 18px; font-style: normal; font-variant: normal; font-weight: 300; height: 150px; letter-spacing: normal; margin-bottom: 12px; max-width: 750px; orphans: 2; outline-color: #72777c; outline-style: solid; outline-width: 1px; text-align: left; text-decoration: none; text-indent: 0px; text-transform: none; -webkit-text-stroke-width: 0px; white-space: normal; word-spacing: 0px;\" alt=\"\" src=\"http:\/\/www.ueckerfalken.de\/uefweb18\/wp-content\/uploads\/2018\/03\/Flugplatz-2-07-150x150.jpg\"><img loading=\"lazy\" decoding=\"async\" width=\"150\" height=\"150\" class=\"size-full wp-image-763 alignright\" style=\"background-color: transparent; color: #3c4858; float: right; font-family: &amp;quot; roboto&amp;quot;,&amp;quot;helvetica&amp;quot;,&amp;quot;arial&amp;quot;,sans-serif; font-size: 18px; font-style: normal; font-variant: normal; font-weight: 300; height: 150px; letter-spacing: normal; max-width: 750px; orphans: 2; outline-color: #72777c; outline-style: solid; outline-width: 1px; text-align: right; text-decoration: none; text-indent: 0px; text-transform: none; -webkit-text-stroke-width: 0px; white-space: normal; word-spacing: 0px; margin: 0px 0px 24px 24px;\" alt=\"\" src=\"http:\/\/www.ueckerfalken.de\/uefweb18\/wp-content\/uploads\/2018\/03\/P1000771-150x150.jpg\"><br \/>\nDie Modellflieger treffen sich bei gutem Flugwetter fast jeden Sonnabend und Sonntag ab 09:00 Uhr auf dem Flugplatz (Modellflug), zu erreichen \u00fcber eine Zufahrt von der B 104 kurz vor Papendorf aus Pasewalk kommend.<\/p>\n<hr>\n<p>&nbsp;<img loading=\"lazy\" decoding=\"async\" width=\"150\" height=\"150\" class=\"alignnone size-medium wp-image-761\" alt=\"\" src=\"http:\/\/www.ueckerfalken.de\/uefweb18\/wp-content\/uploads\/2018\/03\/HPIM91-150x150.jpg\"> <img loading=\"lazy\" decoding=\"async\" width=\"200\" height=\"142\" class=\"alignnone size-medium wp-image-762\" alt=\"\" src=\"http:\/\/www.ueckerfalken.de\/uefweb18\/wp-content\/uploads\/2018\/03\/Modellklasse-F3-1.jpg\"><\/p>\n<p>(am Modellflugplatz)<br \/>\nGelegentlich sieht man uns dort auch an anderen Wochentagen. Nat\u00fcrlich ist jeder Besucher herzlich willkommen. Wir freuen uns \u00fcber jeden Modellfluginteressierten und geben gerne Auskunft \u00fcber unseren Verein und den Modellflugsport (Flugbetriebsordnung Modellflug). <a href=\"http:\/\/www.ueckerfalken.de\/picgal\/\"><img loading=\"lazy\" decoding=\"async\" width=\"300\" height=\"173\" class=\"alignright wp-image-1213 size-medium\" alt=\"\" src=\"http:\/\/www.ueckerfalken.de\/uefweb18\/wp-content\/uploads\/2020\/01\/Bild-Link-zur-Modellbau-Galerie-300x173.jpg\" srcset=\"https:\/\/www.ueckerfalken.de\/uefweb18\/wp-content\/uploads\/2020\/01\/Bild-Link-zur-Modellbau-Galerie-300x173.jpg 300w, https:\/\/www.ueckerfalken.de\/uefweb18\/wp-content\/uploads\/2020\/01\/Bild-Link-zur-Modellbau-Galerie.jpg 656w\" sizes=\"auto, (max-width: 300px) 100vw, 300px\" \/><\/a><br \/>\nWir fliegen fast alle Modellklassen wie z.B.: Elektrosegler, Segler, Modelle mit Elektro- oder Verbrennungsmotor, Hubschrauber und Quadro- bzw. Oktokopter.<br \/>\n<a href=\"http:\/\/www.ueckerfalken.de\/picgal\/\" target=\"_blank\" rel=\"noopener noreferrer\">Link zu unserer Bildergalerie!<\/a><\/p>\n<hr>\n<p>Und hier unsere erfahrensten Modellflieger Hans, Willi und Jochen.<\/p>\n<p><img loading=\"lazy\" decoding=\"async\" width=\"150\" height=\"150\" class=\"size-medium wp-image-759 alignleft\" style=\"background-color: transparent; color: #3c4858; font-family: &amp;quot; roboto&amp;quot;,&amp;quot;helvetica&amp;quot;,&amp;quot;arial&amp;quot;,sans-serif; font-size: 18px; font-style: normal; font-variant: normal; font-weight: 300; height: 150px; letter-spacing: normal; margin-bottom: 12px; max-width: 750px; orphans: 2; outline-color: #72777c; outline-style: solid; outline-width: 1px; text-align: left; text-decoration: none; text-indent: 0px; text-transform: none; -webkit-text-stroke-width: 0px; white-space: normal; word-spacing: 0px;\" alt=\"\" src=\"http:\/\/www.ueckerfalken.de\/uefweb18\/wp-content\/uploads\/2018\/03\/7_10_2007-FM-PAS-PA-_20_-150x150.jpg\">Hans Schmidt (1927-2019) ist mit der Fliegerei aufgewachsen und hat den Pasewalker Flugsport einschlie\u00dflich Modellflug als langj\u00e4hriger Pilot, Flugplatzleiter und Fluglehrer entwickelt und gepr\u00e4gt. Mit viel Flug- und Wettbewerbserfahrung, vielen Modellen und umfangreichem Fachwissen war er f\u00fcr alle immer ein interessanter und hilfsbereiter Ansprechpartner. In seinem Modellarchiv gibt es fast alles zu sehen. Vom Segler, Motormodellen (Elektro-, Methanol- oder Benzinmotor) und Hubschraubern ist alles dabei.<\/p>\n<p><img loading=\"lazy\" decoding=\"async\" width=\"150\" height=\"150\" class=\"size-full wp-image-758 alignleft\" style=\"background-color: transparent; color: #3c4858; float: left; font-family: &amp;quot; roboto&amp;quot;,&amp;quot;helvetica&amp;quot;,&amp;quot;arial&amp;quot;,sans-serif; font-size: 18px; font-style: normal; font-variant: normal; font-weight: 300; height: 150px; letter-spacing: normal; max-width: 750px; orphans: 2; text-align: left; text-decoration: none; text-indent: 0px; text-transform: none; -webkit-text-stroke-width: 0px; white-space: normal; word-spacing: 0px; margin: 0px 38.4px 38.4px 0px;\" alt=\"\" src=\"http:\/\/www.ueckerfalken.de\/uefweb18\/wp-content\/uploads\/2018\/03\/6_10_2007-M-FLUG-PA-01-150x150.jpg\">Auch Willi Laffin ist in fr\u00fcheren Jahren und dann wieder als Rentner mit den \u201emanntragenden\u201c (Segelflugzeugen) geflogen. Nachdem er aus gesundheitlichen Gr\u00fcnden aufh\u00f6ren musste, hat er im Modellflug seine fr\u00fchere eigentlich nie unterbrochene alte Liebe wieder mehr in den Focus ger\u00fcckt. Die ersten Modelle waren freifliegend und komplett selbst konstruiert und gebaut.<\/p>\n<p>Willi (Jahrgang 1939) hat die Entwicklung der Modellfliegerei von der Pike auf an miterlebt und entwickelt. Wie er erz\u00e4hlt, flog das erste funkferngesteuerte Modell im Jahre 1953. Mit einer Spannweite von 3 m wurde das Modell mit einer Tip-Anlage (Gr\u00f6\u00dfe eines Radios) gesteuert. Wenn er Modelle baut misst er die \u201egro\u00dfen\u201c Flugzeuge aus und skizziert sie auf Modellgr\u00f6\u00dfe, baut sie \u2026.und sie fliegen!<\/p>\n<p>Zum \u201eUrgestein\u201c des Pasewalker Flugmodellsports geh\u00f6rte auch Jochen Steudel (1924 -2014). Auch seine Modellfliegerkarriere fing mit Freiflugmodellen an.<\/p>\n<p>Die Teilnahme an unz\u00e4hligen Wettbewerben machte ihn nat\u00fcrlich auch zu einem sehr erfahrenen Flugmodellsportler. Zu seinen gern geflogenen Modellen geh\u00f6rten eine \u201eExtra\u201c (Spannweite 1,72m) und eine \u201eEdge\u201c (Spannweite 1,80) mit den entsprechenden Benzinmotoren.<\/p>\n<p>Viele Gr\u00fc\u00dfe<br \/>\nEure Modellflieger<\/p>\n<hr>\n<p><strong>Links zu Seiten befreundeter Modellflugsportler:<\/strong><\/p>\n<p><a href=\"http:\/\/www.modellflug-guestrow.de\/\" target=\"_blank\" rel=\"noopener noreferrer\">Modellflug G\u00fcstrow<\/a><br \/>\n<a href=\"https:\/\/www.mscanklam.de\/\" target=\"_blank\" rel=\"noopener noreferrer\">Modellsportclub Anklam<\/a>&nbsp;<br \/>\n<a href=\"http:\/\/tiedverdriev.de\/index.html\" target=\"_blank\" rel=\"noopener noreferrer\">Modellflugverein Tiedverdriev e.V. Greifswald<\/a>&nbsp;<br \/>\n<a href=\"http:\/\/www.speedteam-ruegen.de\/\" target=\"_blank\" rel=\"noopener noreferrer\">Speedteam R\u00fcgen<\/a>&nbsp;<\/p>\n<p style=\"text-align: center;\"><a href=\"#top\">nach oben<\/a><\/p>\n","protected":false},"excerpt":{"rendered":"<p>Wir Modellflieger im Luftsportclub Pasewalk verstehen uns als Teil einer gro\u00dfen Fliegergemeinschaft in Pasewalk. Uns alle verbindet die Leidenschaft f\u00fcr das Fliegen im Gro\u00dfen wie auch im Kleinen. (Modellfliegerveranstaltung) Den Modellflug in Pasewalk gibt es schon sehr lange. Viele Mitglieder haben nach ihrer aktiven Zeit im Motor- oder Segelflug ein [&hellip;]<\/p>\n","protected":false},"author":1,"featured_media":0,"parent":0,"menu_order":0,"comment_status":"closed","ping_status":"closed","template":"","meta":{"ngg_post_thumbnail":0,"footnotes":""},"class_list":["post-101","page","type-page","status-publish","hentry"],"_links":{"self":[{"href":"https:\/\/www.ueckerfalken.de\/uefweb18\/wp-json\/wp\/v2\/pages\/101","targetHints":{"allow":["GET"]}}],"collection":[{"href":"https:\/\/www.ueckerfalken.de\/uefweb18\/wp-json\/wp\/v2\/pages"}],"about":[{"href":"https:\/\/www.ueckerfalken.de\/uefweb18\/wp-json\/wp\/v2\/types\/page"}],"author":[{"embeddable":true,"href":"https:\/\/www.ueckerfalken.de\/uefweb18\/wp-json\/wp\/v2\/users\/1"}],"replies":[{"embeddable":true,"href":"https:\/\/www.ueckerfalken.de\/uefweb18\/wp-json\/wp\/v2\/comments?post=101"}],"version-history":[{"count":19,"href":"https:\/\/www.ueckerfalken.de\/uefweb18\/wp-json\/wp\/v2\/pages\/101\/revisions"}],"predecessor-version":[{"id":1216,"href":"https:\/\/www.ueckerfalken.de\/uefweb18\/wp-json\/wp\/v2\/pages\/101\/revisions\/1216"}],"wp:attachment":[{"href":"https:\/\/www.ueckerfalken.de\/uefweb18\/wp-json\/wp\/v2\/media?parent=101"}],"curies":[{"name":"wp","href":"https:\/\/api.w.org\/{rel}","templated":true}]}}